{"id":171,"date":"2018-09-20T14:46:59","date_gmt":"2018-09-20T14:46:59","guid":{"rendered":"https:\/\/velikorodnov.com\/wordpress\/milenia\/?page_id=171"},"modified":"2018-09-20T14:46:59","modified_gmt":"2018-09-20T14:46:59","slug":"rooms-layout-v4","status":"publish","type":"page","link":"https:\/\/beliskonukevi.com\/?page_id=171","title":{"rendered":"Rooms Layout v4"},"content":{"rendered":"<div class=\"wpb-content-wrapper\"><p>[vc_row full_width=&#8221;stretch_row_content_no_spaces&#8221;][vc_column][vc_column_text]<div class=\"mphb_sc_rooms-wrapper mphb-room-types milenia-entities milenia-entities--style-16 milenia-entities--no-gutters\"><div class=\"milenia-grid\"><div class=\"milenia-grid-item\">\n<div class=\"mphb-room-type milenia-entity post-2525 mphb_room_type type-mphb_room_type status-publish has-post-thumbnail mphb_room_type_category-delux mphb_room_type_tag-accommodation mphb_room_type_tag-king-size mphb_room_type_facility-220-ac mphb_room_type_facility-24h-room-service-at-extra-charge mphb_room_type_facility-air-conditioner mphb_room_type_facility-balcony mphb_room_type_facility-bathroom mphb_room_type_facility-double-bed mphb_room_type_facility-free-private-parking mphb_room_type_facility-hairdryer mphb_room_type_facility-laundry-service-at-extra-charge mphb_room_type_facility-mini-bar mphb_room_type_facility-non-smoking-room mphb_room_type_facility-open-air-salt-water-pool mphb_room_type_facility-pets-allowed mphb_room_type_facility-safe mphb_room_type_facility-satellite-tv mphb_room_type_facility-shampoo-and-soap mphb_room_type_facility-shower mphb_room_type_facility-slippers mphb_room_type_facility-telephone mphb_room_type_facility-wardrobe mphb_room_type_facility-wireless-connect mphb_room_type_facility-working-table mphb-room-type-adults-2 mphb-room-type-children-1 \">\n\t\n\t\n\n\t\n\t\t\t\t<div class=\"milenia-entity-media milenia-entity-media--slideshow\">\n\t\t\t\t<div class=\"owl-carousel owl-carousel--vadaptive milenia-simple-slideshow\">\n\t\t\t\t\t\t\t\t\t\t\t<div data-bg-image-src=\"https:\/\/beliskonukevi.com\/wp-content\/uploads\/2018\/11\/pexels-photo-271624.jpeg-660x440.jpg\" class=\"milenia-entity-slide\"><\/div>\n\t\t\t\t\t\t\t\t\t\t\t<div data-bg-image-src=\"https:\/\/beliskonukevi.com\/wp-content\/uploads\/2018\/11\/pexels-photo-271619.jpeg-660x440.jpg\" class=\"milenia-entity-slide\"><\/div>\n\t\t\t\t\t\t\t\t\t\t\t<div data-bg-image-src=\"https:\/\/beliskonukevi.com\/wp-content\/uploads\/2018\/11\/pexels-photo-271616.jpeg-660x440.jpg\" class=\"milenia-entity-slide\"><\/div>\n\t\t\t\t\t\t\t\t\t\t\t<div data-bg-image-src=\"https:\/\/beliskonukevi.com\/wp-content\/uploads\/2018\/11\/pexels-photo-210265.jpeg-660x440.jpg\" class=\"milenia-entity-slide\"><\/div>\n\t\t\t\t\t\t\t\t\t\t\t<div data-bg-image-src=\"https:\/\/beliskonukevi.com\/wp-content\/uploads\/2018\/11\/Depositphotos_165311104_original-660x440.jpg\" class=\"milenia-entity-slide\"><\/div>\n\t\t\t\t\t\t\t\t\t\t\t<div data-bg-image-src=\"https:\/\/beliskonukevi.com\/wp-content\/uploads\/2018\/11\/Depositphotos_165309876_original-660x440.jpg\" class=\"milenia-entity-slide\"><\/div>\n\t\t\t\t\t\t\t\t\t\t\t<div data-bg-image-src=\"https:\/\/beliskonukevi.com\/wp-content\/uploads\/2018\/11\/Depositphotos_164584364_original-660x440.jpg\" class=\"milenia-entity-slide\"><\/div>\n\t\t\t\t\t\t\t\t\t<\/div>\n\t\t\t<\/div>\n\n\t\t\n\t\n\n\t<div class=\"milenia-entity-content\">\n\t\t<header class=\"milenia-entity-header\">\n\t\t\t\t\t\t\t<div class=\"milenia-entity-meta\">\n\t\t\t\t\t\n\t\t\t\t<\/div>\n\n\t\t\t\n\n\n<h2 class=\"milenia-entity-title\">\n\t<a class=\"mphb-room-type-title\" href=\"https:\/\/beliskonukevi.com\/?mphb_room_type=king-size-bed\">Classic Balcony Room<\/a>\n<\/h2>\n\n\t\t<\/header>\n\n\t\t\n\n<div class=\"milenia-get-excerpt\">Ornare massa eget egestas purus viverra accumsan in nisl. Lorem sed risus ultricies tristique nulla. Sit amet dictum...<\/div>\n\n\t\t<footer class=\"milenia-entity-footer\">\n\t\t\t\n<p class=\"mphb-view-details-button-wrapper\">\n<a class=\"button mphb-view-details-button\" href=\"https:\/\/beliskonukevi.com\/?mphb_room_type=king-size-bed\" >Detaylar\u0131 G\u00f6r\u00fcnt\u00fcleyin<\/a>\n<\/p>\n<div class=\"mphb-to-book-btn-wrapper\">\n<form action=\"https:\/\/beliskonukevi.com\/?mphb_room_type=king-size-bed#booking-form-2525\" method=\"get\" ><input type=\"hidden\" name=\"mphb_room_type\" value=\"king-size-bed\" \/><button type=\"submit\" class=\"button mphb-book-button\" >Book Now<\/button><\/form>\n<br\/><\/div>\t\t<\/footer>\n\t<\/div>\n\t<\/div>\n<\/div><div class=\"milenia-grid-item\">\n<div class=\"mphb-room-type milenia-entity post-2524 mphb_room_type type-mphb_room_type status-publish has-post-thumbnail mphb_room_type_category-superior mphb_room_type_tag-accommodation mphb_room_type_tag-blue-bed mphb_room_type_facility-220-ac mphb_room_type_facility-24h-room-service-at-extra-charge mphb_room_type_facility-air-conditioner mphb_room_type_facility-balcony mphb_room_type_facility-bathroom mphb_room_type_facility-double-bed mphb_room_type_facility-free-private-parking mphb_room_type_facility-hairdryer mphb_room_type_facility-laundry-service-at-extra-charge mphb_room_type_facility-mini-bar mphb_room_type_facility-non-smoking-room mphb_room_type_facility-open-air-salt-water-pool mphb_room_type_facility-pets-allowed mphb_room_type_facility-safe mphb_room_type_facility-satellite-tv mphb_room_type_facility-shampoo-and-soap mphb_room_type_facility-shower mphb_room_type_facility-slippers mphb_room_type_facility-telephone mphb_room_type_facility-wardrobe mphb_room_type_facility-wireless-connect mphb_room_type_facility-working-table mphb-room-type-adults-3 mphb-room-type-children-2 \">\n\t\n\t\n\n\t\n\t\t\t\t<div class=\"milenia-entity-media milenia-entity-media--slideshow\">\n\t\t\t\t<div class=\"owl-carousel owl-carousel--vadaptive milenia-simple-slideshow\">\n\t\t\t\t\t\t\t\t\t\t\t<div data-bg-image-src=\"https:\/\/beliskonukevi.com\/wp-content\/uploads\/2018\/11\/pexels-photo-210265.jpeg-660x440.jpg\" class=\"milenia-entity-slide\"><\/div>\n\t\t\t\t\t\t\t\t\t\t\t<div data-bg-image-src=\"https:\/\/beliskonukevi.com\/wp-content\/uploads\/2018\/11\/Depositphotos_165311104_original-660x440.jpg\" class=\"milenia-entity-slide\"><\/div>\n\t\t\t\t\t\t\t\t\t\t\t<div data-bg-image-src=\"https:\/\/beliskonukevi.com\/wp-content\/uploads\/2018\/11\/Depositphotos_165309876_original-660x440.jpg\" class=\"milenia-entity-slide\"><\/div>\n\t\t\t\t\t\t\t\t\t\t\t<div data-bg-image-src=\"https:\/\/beliskonukevi.com\/wp-content\/uploads\/2018\/11\/Depositphotos_164584364_original-660x440.jpg\" class=\"milenia-entity-slide\"><\/div>\n\t\t\t\t\t\t\t\t\t\t\t<div data-bg-image-src=\"https:\/\/beliskonukevi.com\/wp-content\/uploads\/2018\/11\/Depositphotos_164367144_original-1-660x440.jpg\" class=\"milenia-entity-slide\"><\/div>\n\t\t\t\t\t\t\t\t\t\t\t<div data-bg-image-src=\"https:\/\/beliskonukevi.com\/wp-content\/uploads\/2018\/11\/Depositphotos_164367128_original-660x440.jpg\" class=\"milenia-entity-slide\"><\/div>\n\t\t\t\t\t\t\t\t\t\t\t<div data-bg-image-src=\"https:\/\/beliskonukevi.com\/wp-content\/uploads\/2018\/11\/Depositphotos_124328288_original-660x440.jpg\" class=\"milenia-entity-slide\"><\/div>\n\t\t\t\t\t\t\t\t\t\t\t<div data-bg-image-src=\"https:\/\/beliskonukevi.com\/wp-content\/uploads\/2018\/11\/Depositphotos_34927641_original-660x440.jpg\" class=\"milenia-entity-slide\"><\/div>\n\t\t\t\t\t\t\t\t\t\t\t<div data-bg-image-src=\"https:\/\/beliskonukevi.com\/wp-content\/uploads\/2018\/11\/Depositphotos_6542050_XL-660x440.jpg\" class=\"milenia-entity-slide\"><\/div>\n\t\t\t\t\t\t\t\t\t<\/div>\n\t\t\t<\/div>\n\n\t\t\n\t\n\n\t<div class=\"milenia-entity-content\">\n\t\t<header class=\"milenia-entity-header\">\n\t\t\t\t\t\t\t<div class=\"milenia-entity-meta\">\n\t\t\t\t\t\n\t\t\t\t<\/div>\n\n\t\t\t\n\n\n<h2 class=\"milenia-entity-title\">\n\t<a class=\"mphb-room-type-title\" href=\"https:\/\/beliskonukevi.com\/?mphb_room_type=superior-double-room\">Superior Double Room<\/a>\n<\/h2>\n\n\t\t<\/header>\n\n\t\t\n\n<div class=\"milenia-get-excerpt\">Ornare massa eget egestas purus viverra accumsan in nisl. Lorem sed risus ultricies tristique nulla. Sit amet dictum...<\/div>\n\n\t\t<footer class=\"milenia-entity-footer\">\n\t\t\t\n<p class=\"mphb-view-details-button-wrapper\">\n<a class=\"button mphb-view-details-button\" href=\"https:\/\/beliskonukevi.com\/?mphb_room_type=superior-double-room\" >Detaylar\u0131 G\u00f6r\u00fcnt\u00fcleyin<\/a>\n<\/p>\n<div class=\"mphb-to-book-btn-wrapper\">\n<form action=\"https:\/\/beliskonukevi.com\/?mphb_room_type=superior-double-room#booking-form-2524\" method=\"get\" ><input type=\"hidden\" name=\"mphb_room_type\" value=\"superior-double-room\" \/><button type=\"submit\" class=\"button mphb-book-button\" >Book Now<\/button><\/form>\n<br\/><\/div>\t\t<\/footer>\n\t<\/div>\n\t<\/div>\n<\/div><div class=\"milenia-grid-item\">\n<div class=\"mphb-room-type milenia-entity post-2523 mphb_room_type type-mphb_room_type status-publish has-post-thumbnail mphb_room_type_category-classic mphb_room_type_category-master mphb_room_type_tag-accommodation mphb_room_type_tag-honeymoon mphb_room_type_facility-220-ac mphb_room_type_facility-24h-room-service-at-extra-charge mphb_room_type_facility-air-conditioner mphb_room_type_facility-balcony mphb_room_type_facility-bathroom mphb_room_type_facility-double-bed mphb_room_type_facility-free-private-parking mphb_room_type_facility-hairdryer mphb_room_type_facility-laundry-service-at-extra-charge mphb_room_type_facility-mini-bar mphb_room_type_facility-non-smoking-room mphb_room_type_facility-open-air-salt-water-pool mphb_room_type_facility-pets-allowed mphb_room_type_facility-safe mphb_room_type_facility-satellite-tv mphb_room_type_facility-shampoo-and-soap mphb_room_type_facility-shower mphb_room_type_facility-slippers mphb_room_type_facility-telephone mphb_room_type_facility-wardrobe mphb_room_type_facility-wireless-connect mphb_room_type_facility-working-table mphb-room-type-adults-3 mphb-room-type-children-2 \">\n\t\n\t\n\n\t\n\t\t\t\t<div class=\"milenia-entity-media milenia-entity-media--slideshow\">\n\t\t\t\t<div class=\"owl-carousel owl-carousel--vadaptive milenia-simple-slideshow\">\n\t\t\t\t\t\t\t\t\t\t\t<div data-bg-image-src=\"https:\/\/beliskonukevi.com\/wp-content\/uploads\/2018\/11\/Depositphotos_34927641_original-660x440.jpg\" class=\"milenia-entity-slide\"><\/div>\n\t\t\t\t\t\t\t\t\t\t\t<div data-bg-image-src=\"https:\/\/beliskonukevi.com\/wp-content\/uploads\/2018\/11\/Depositphotos_165311104_original-660x440.jpg\" class=\"milenia-entity-slide\"><\/div>\n\t\t\t\t\t\t\t\t\t\t\t<div data-bg-image-src=\"https:\/\/beliskonukevi.com\/wp-content\/uploads\/2018\/11\/Depositphotos_165309876_original-660x440.jpg\" class=\"milenia-entity-slide\"><\/div>\n\t\t\t\t\t\t\t\t\t\t\t<div data-bg-image-src=\"https:\/\/beliskonukevi.com\/wp-content\/uploads\/2018\/11\/Depositphotos_164584364_original-660x440.jpg\" class=\"milenia-entity-slide\"><\/div>\n\t\t\t\t\t\t\t\t\t\t\t<div data-bg-image-src=\"https:\/\/beliskonukevi.com\/wp-content\/uploads\/2018\/11\/Depositphotos_164367144_original-1-660x440.jpg\" class=\"milenia-entity-slide\"><\/div>\n\t\t\t\t\t\t\t\t\t\t\t<div data-bg-image-src=\"https:\/\/beliskonukevi.com\/wp-content\/uploads\/2018\/11\/Depositphotos_164367128_original-660x440.jpg\" class=\"milenia-entity-slide\"><\/div>\n\t\t\t\t\t\t\t\t\t\t\t<div data-bg-image-src=\"https:\/\/beliskonukevi.com\/wp-content\/uploads\/2018\/11\/Depositphotos_124328288_original-660x440.jpg\" class=\"milenia-entity-slide\"><\/div>\n\t\t\t\t\t\t\t\t\t<\/div>\n\t\t\t<\/div>\n\n\t\t\n\t\n\n\t<div class=\"milenia-entity-content\">\n\t\t<header class=\"milenia-entity-header\">\n\t\t\t\t\t\t\t<div class=\"milenia-entity-meta\">\n\t\t\t\t\t\n\t\t\t\t<\/div>\n\n\t\t\t\n\n\n<h2 class=\"milenia-entity-title\">\n\t<a class=\"mphb-room-type-title\" href=\"https:\/\/beliskonukevi.com\/?mphb_room_type=superior-balcony-double-room\">Superior Balcony Double Room<\/a>\n<\/h2>\n\n\t\t<\/header>\n\n\t\t\n\n<div class=\"milenia-get-excerpt\">Nisi quis eleifend quam adipiscing vitae proin sagittis. Fusce id velit ut tortor pretium viverra. Ut placerat orci...<\/div>\n\n\t\t<footer class=\"milenia-entity-footer\">\n\t\t\t\n<p class=\"mphb-view-details-button-wrapper\">\n<a class=\"button mphb-view-details-button\" href=\"https:\/\/beliskonukevi.com\/?mphb_room_type=superior-balcony-double-room\" >Detaylar\u0131 G\u00f6r\u00fcnt\u00fcleyin<\/a>\n<\/p>\n<div class=\"mphb-to-book-btn-wrapper\">\n<form action=\"https:\/\/beliskonukevi.com\/?mphb_room_type=superior-balcony-double-room#booking-form-2523\" method=\"get\" ><input type=\"hidden\" name=\"mphb_room_type\" value=\"superior-balcony-double-room\" \/><button type=\"submit\" class=\"button mphb-book-button\" >Book Now<\/button><\/form>\n<br\/><\/div>\t\t<\/footer>\n\t<\/div>\n\t<\/div>\n<\/div><div class=\"milenia-grid-item\">\n<div class=\"mphb-room-type milenia-entity post-2522 mphb_room_type type-mphb_room_type status-publish has-post-thumbnail mphb_room_type_category-delux mphb_room_type_category-master mphb_room_type_tag-accommodation mphb_room_type_tag-large mphb_room_type_facility-220-ac mphb_room_type_facility-24h-room-service-at-extra-charge mphb_room_type_facility-air-conditioner mphb_room_type_facility-balcony mphb_room_type_facility-bathroom mphb_room_type_facility-double-bed mphb_room_type_facility-free-private-parking mphb_room_type_facility-hairdryer mphb_room_type_facility-laundry-service-at-extra-charge mphb_room_type_facility-mini-bar mphb_room_type_facility-non-smoking-room mphb_room_type_facility-open-air-salt-water-pool mphb_room_type_facility-pets-allowed mphb_room_type_facility-safe mphb_room_type_facility-satellite-tv mphb_room_type_facility-shampoo-and-soap mphb_room_type_facility-shower mphb_room_type_facility-slippers mphb_room_type_facility-telephone mphb_room_type_facility-wardrobe mphb_room_type_facility-wireless-connect mphb_room_type_facility-working-table mphb-room-type-adults-2 mphb-room-type-children-2 \">\n\t\n\t\n\n\t\n\t\t\t\t<div class=\"milenia-entity-media milenia-entity-media--slideshow\">\n\t\t\t\t<div class=\"owl-carousel owl-carousel--vadaptive milenia-simple-slideshow\">\n\t\t\t\t\t\t\t\t\t\t\t<div data-bg-image-src=\"https:\/\/beliskonukevi.com\/wp-content\/uploads\/2018\/11\/Depositphotos_165311104_original-660x440.jpg\" class=\"milenia-entity-slide\"><\/div>\n\t\t\t\t\t\t\t\t\t\t\t<div data-bg-image-src=\"https:\/\/beliskonukevi.com\/wp-content\/uploads\/2018\/11\/Depositphotos_124328288_original-660x440.jpg\" class=\"milenia-entity-slide\"><\/div>\n\t\t\t\t\t\t\t\t\t\t\t<div data-bg-image-src=\"https:\/\/beliskonukevi.com\/wp-content\/uploads\/2018\/11\/Depositphotos_165309876_original-660x440.jpg\" class=\"milenia-entity-slide\"><\/div>\n\t\t\t\t\t\t\t\t\t\t\t<div data-bg-image-src=\"https:\/\/beliskonukevi.com\/wp-content\/uploads\/2018\/11\/Depositphotos_164584364_original-660x440.jpg\" class=\"milenia-entity-slide\"><\/div>\n\t\t\t\t\t\t\t\t\t\t\t<div data-bg-image-src=\"https:\/\/beliskonukevi.com\/wp-content\/uploads\/2018\/11\/Depositphotos_164367144_original-1-660x440.jpg\" class=\"milenia-entity-slide\"><\/div>\n\t\t\t\t\t\t\t\t\t\t\t<div data-bg-image-src=\"https:\/\/beliskonukevi.com\/wp-content\/uploads\/2018\/11\/Depositphotos_164367128_original-660x440.jpg\" class=\"milenia-entity-slide\"><\/div>\n\t\t\t\t\t\t\t\t\t\t\t<div data-bg-image-src=\"https:\/\/beliskonukevi.com\/wp-content\/uploads\/2018\/11\/pexels-photo-210265.jpeg-660x440.jpg\" class=\"milenia-entity-slide\"><\/div>\n\t\t\t\t\t\t\t\t\t<\/div>\n\t\t\t<\/div>\n\n\t\t\n\t\n\n\t<div class=\"milenia-entity-content\">\n\t\t<header class=\"milenia-entity-header\">\n\t\t\t\t\t\t\t<div class=\"milenia-entity-meta\">\n\t\t\t\t\t\n\t\t\t\t<\/div>\n\n\t\t\t\n\n\n<h2 class=\"milenia-entity-title\">\n\t<a class=\"mphb-room-type-title\" href=\"https:\/\/beliskonukevi.com\/?mphb_room_type=delux-double-room\">Delux Double Room<\/a>\n<\/h2>\n\n\t\t<\/header>\n\n\t\t\n\n<div class=\"milenia-get-excerpt\">Sed laoreet aliquam leo. Ut tellus dolor, dapibus eget, elementum vel, cursus eleifend, elit. Aenean auctor wisi et...<\/div>\n\n\t\t<footer class=\"milenia-entity-footer\">\n\t\t\t\n<p class=\"mphb-view-details-button-wrapper\">\n<a class=\"button mphb-view-details-button\" href=\"https:\/\/beliskonukevi.com\/?mphb_room_type=delux-double-room\" >Detaylar\u0131 G\u00f6r\u00fcnt\u00fcleyin<\/a>\n<\/p>\n<div class=\"mphb-to-book-btn-wrapper\">\n<form action=\"https:\/\/beliskonukevi.com\/?mphb_room_type=delux-double-room#booking-form-2522\" method=\"get\" ><input type=\"hidden\" name=\"mphb_room_type\" value=\"delux-double-room\" \/><button type=\"submit\" class=\"button mphb-book-button\" >Book Now<\/button><\/form>\n<br\/><\/div>\t\t<\/footer>\n\t<\/div>\n\t<\/div>\n<\/div><div class=\"milenia-grid-item\">\n<div class=\"mphb-room-type milenia-entity post-2521 mphb_room_type type-mphb_room_type status-publish has-post-thumbnail mphb_room_type_category-classic mphb_room_type_category-superior mphb_room_type_tag-accommodation mphb_room_type_tag-simple-room mphb_room_type_facility-220-ac mphb_room_type_facility-24h-room-service-at-extra-charge mphb_room_type_facility-air-conditioner mphb_room_type_facility-balcony mphb_room_type_facility-bathroom mphb_room_type_facility-double-bed mphb_room_type_facility-free-private-parking mphb_room_type_facility-hairdryer mphb_room_type_facility-laundry-service-at-extra-charge mphb_room_type_facility-mini-bar mphb_room_type_facility-non-smoking-room mphb_room_type_facility-open-air-salt-water-pool mphb_room_type_facility-pets-allowed mphb_room_type_facility-safe mphb_room_type_facility-satellite-tv mphb_room_type_facility-shampoo-and-soap mphb_room_type_facility-shower mphb_room_type_facility-slippers mphb_room_type_facility-telephone mphb_room_type_facility-wardrobe mphb_room_type_facility-wireless-connect mphb_room_type_facility-working-table mphb-room-type-adults-1 mphb-room-type-children-1 \">\n\t\n\t\n\n\t\n\t\t\t\t<div class=\"milenia-entity-media milenia-entity-media--slideshow\">\n\t\t\t\t<div class=\"owl-carousel owl-carousel--vadaptive milenia-simple-slideshow\">\n\t\t\t\t\t\t\t\t\t\t\t<div data-bg-image-src=\"https:\/\/beliskonukevi.com\/wp-content\/uploads\/2018\/11\/Depositphotos_164367144_original-1-660x440.jpg\" class=\"milenia-entity-slide\"><\/div>\n\t\t\t\t\t\t\t\t\t\t\t<div data-bg-image-src=\"https:\/\/beliskonukevi.com\/wp-content\/uploads\/2018\/11\/pexels-photo-210265.jpeg-660x440.jpg\" class=\"milenia-entity-slide\"><\/div>\n\t\t\t\t\t\t\t\t\t\t\t<div data-bg-image-src=\"https:\/\/beliskonukevi.com\/wp-content\/uploads\/2018\/11\/Depositphotos_165311104_original-660x440.jpg\" class=\"milenia-entity-slide\"><\/div>\n\t\t\t\t\t\t\t\t\t\t\t<div data-bg-image-src=\"https:\/\/beliskonukevi.com\/wp-content\/uploads\/2018\/11\/Depositphotos_165309876_original-660x440.jpg\" class=\"milenia-entity-slide\"><\/div>\n\t\t\t\t\t\t\t\t\t\t\t<div data-bg-image-src=\"https:\/\/beliskonukevi.com\/wp-content\/uploads\/2018\/11\/Depositphotos_164584364_original-660x440.jpg\" class=\"milenia-entity-slide\"><\/div>\n\t\t\t\t\t\t\t\t\t\t\t<div data-bg-image-src=\"https:\/\/beliskonukevi.com\/wp-content\/uploads\/2018\/11\/pexels-photo-271616.jpeg-660x440.jpg\" class=\"milenia-entity-slide\"><\/div>\n\t\t\t\t\t\t\t\t\t\t\t<div data-bg-image-src=\"https:\/\/beliskonukevi.com\/wp-content\/uploads\/2018\/11\/pexels-photo-271619.jpeg-660x440.jpg\" class=\"milenia-entity-slide\"><\/div>\n\t\t\t\t\t\t\t\t\t<\/div>\n\t\t\t<\/div>\n\n\t\t\n\t\n\n\t<div class=\"milenia-entity-content\">\n\t\t<header class=\"milenia-entity-header\">\n\t\t\t\t\t\t\t<div class=\"milenia-entity-meta\">\n\t\t\t\t\t\n\t\t\t\t<\/div>\n\n\t\t\t\n\n\n<h2 class=\"milenia-entity-title\">\n\t<a class=\"mphb-room-type-title\" href=\"https:\/\/beliskonukevi.com\/?mphb_room_type=grand-deluxe-room\">Grand Deluxe Room<\/a>\n<\/h2>\n\n\t\t<\/header>\n\n\t\t\n\n<div class=\"milenia-get-excerpt\">Sed laoreet aliquam leo. Ut tellus dolor, dapibus eget, elementum vel, cursus eleifend, elit. Aenean auctor wisi et...<\/div>\n\n\t\t<footer class=\"milenia-entity-footer\">\n\t\t\t\n<p class=\"mphb-view-details-button-wrapper\">\n<a class=\"button mphb-view-details-button\" href=\"https:\/\/beliskonukevi.com\/?mphb_room_type=grand-deluxe-room\" >Detaylar\u0131 G\u00f6r\u00fcnt\u00fcleyin<\/a>\n<\/p>\n<div class=\"mphb-to-book-btn-wrapper\">\n<form action=\"https:\/\/beliskonukevi.com\/?mphb_room_type=grand-deluxe-room#booking-form-2521\" method=\"get\" ><input type=\"hidden\" name=\"mphb_room_type\" value=\"grand-deluxe-room\" \/><button type=\"submit\" class=\"button mphb-book-button\" >Book Now<\/button><\/form>\n<br\/><\/div>\t\t<\/footer>\n\t<\/div>\n\t<\/div>\n<\/div>\n\t\t\t<nav class=\"navigation mphb-pagination pagination\" role=\"navigation\">\n\t\t\t\t<h2 class=\"screen-reader-text\">Konaklamalar\u0131 sayfaland\u0131rma<\/h2>\n\t\t\t\t<div class=\"nav-links\"><span aria-label=\"Sayfa 1\" aria-current=\"page\" class=\"page-numbers current\">1<\/span>\n<a aria-label=\"Sayfa 2\" class=\"page-numbers\" href=\"https:\/\/beliskonukevi.com\/index.php?rest_route=%2Fwp%2Fv2%2Fpages%2F171&#038;&#038;paged=2\">2<\/a>\n<a aria-label=\"Sayfa 3\" class=\"page-numbers\" href=\"https:\/\/beliskonukevi.com\/index.php?rest_route=%2Fwp%2Fv2%2Fpages%2F171&#038;&#038;paged=3\">3<\/a>\n<a class=\"next page-numbers\" href=\"https:\/\/beliskonukevi.com\/index.php?rest_route=%2Fwp%2Fv2%2Fpages%2F171&#038;&#038;paged=2\">Next<\/a><\/div>\n\t\t\t<\/nav><\/div><\/div>[\/vc_column_text][\/vc_column][\/vc_row]<\/p>\n<\/div>","protected":false},"excerpt":{"rendered":"<p>[vc_row full_width=&#8221;stretch_row_content_no_spaces&#8221;][vc_column][vc_column_text][\/vc_column_text][\/vc_column][\/vc_row]<\/p>\n","protected":false},"author":1,"featured_media":0,"parent":0,"menu_order":0,"comment_status":"closed","ping_status":"closed","template":"","meta":{"footnotes":""},"class_list":["post-171","page","type-page","status-publish","hentry"],"_links":{"self":[{"href":"https:\/\/beliskonukevi.com\/index.php?rest_route=\/wp\/v2\/pages\/171","targetHints":{"allow":["GET"]}}],"collection":[{"href":"https:\/\/beliskonukevi.com\/index.php?rest_route=\/wp\/v2\/pages"}],"about":[{"href":"https:\/\/beliskonukevi.com\/index.php?rest_route=\/wp\/v2\/types\/page"}],"author":[{"embeddable":true,"href":"https:\/\/beliskonukevi.com\/index.php?rest_route=\/wp\/v2\/users\/1"}],"replies":[{"embeddable":true,"href":"https:\/\/beliskonukevi.com\/index.php?rest_route=%2Fwp%2Fv2%2Fcomments&post=171"}],"version-history":[{"count":0,"href":"https:\/\/beliskonukevi.com\/index.php?rest_route=\/wp\/v2\/pages\/171\/revisions"}],"wp:attachment":[{"href":"https:\/\/beliskonukevi.com\/index.php?rest_route=%2Fwp%2Fv2%2Fmedia&parent=171"}],"curies":[{"name":"wp","href":"https:\/\/api.w.org\/{rel}","templated":true}]}}